ided by j(-6).
8
Suppose -45 - 21 = -6*v. Calculate the remainder when (-1)/(2*(-1)/64) is divided by v.
10
Let p(c) = -2*c - 4*c**3 - 3*c + 7*c**2 + 5 - 6 + 3*c**3. Let o be p(5). Calculate the remainder when -2 - (-5)/(5/o) is divided by 8.
6
Suppose 0 = -11*m + 14*m - 3. What is the remainder when 113 is divided by 0 + m + (16 - -21)?
37
Let a(q) = -q + 1 + 28*q**2 + 0 + 13*q**2. What is the remainder when a(1) is divided by 11?
8
Let o be (0 + (0 - 0))/(-2). Suppose o = -3*d + 8*d - 20. What is the remainder when 9 is divided by d?
1
Let f = -1837 + 1864. Let y(t) = 11*t**2 + 4*t - 5. Calculate the remainder when y(4) is divided by f.
25
Suppose 0 = 23*t - 24*t + 4*s + 32, 0 = -5*t - 3*s + 91. Calculate the remainder when 215 is divided by t.
15
Let y(r) = 2*r**2 + 6*r - 90. Calculate the remainder when y(-16) is divided by 25.
1
Suppose -8*u + 108 = 19*u. What is the remainder when 7 is divided by u?
3
Let g(l) = l**3 + 8*l**2 + 10*l + 2. Let k be g(-7). Calculate the remainder when 3 - k - (-3 + -1) is divided by 9.
8
Suppose 19*a - 374 = 823. Calculate the remainder when 74 is divided by a.
11
Let s(n) = -3*n + 10*n + 0*n + 10*n**2 - 8 - 2*n. Calculate the remainder when s(2) is divided by 17.
8
Let x = 277 + -148. Calculate the remainder when x is divided by 19.
15
What is the remainder when 115 is divided by (2 + -2 - -22) + 1 + -6?
13
Let q(d) = 10 - 11*d - 8*d**2 - d**3 + 12*d - 8*d. Let m(i) = -i**2 + 14*i - 11. Calculate the remainder when m(10) is divided by q(-7).
9
Suppose 5*r = 2478 - 73. What is the remainder when r is divided by 7?
5
Suppose 3*c + 0*c + 5*h = 331, -2*h = -5*c + 531. Calculate the remainder when c is divided by 34.
5
Let u = 386 + 71. What is the remainder when u is divided by 8?
1
Let w = -70 + 68. Calculate the remainder when (1 + w)/((-3)/264) is divided by 18.
16
Suppose -5*f - y = y - 2, -4*f - y = -1. Suppose -2*x - 4 = 2*x. Calculate the remainder when 38 is divided by 14 - (2 + f + x).
12
Let i be ((-13)/3 - -4)*51. Let y = 0 - i. Calculate the remainder when 65 is divided by y.
14
Suppose -3*y = -0*y - 75. Suppose -77*u = -3979 - 2183 - 3386. What is the remainder when u is divided by y?
24
Suppose -3*k - 2*u + 28 = 0, u + 10 = 6*u. Let y be 145/35 + (-1)/7. Suppose -5*v - g = -153, -y*g + 46 = v + 4. What is the remainder when v is divided by k?
6
Let o(y) = y - 3. Let v be o(-7). Let w = v - -14. Suppose 0*d + 5*d - 2*x - 208 = 0, w*d - x = 164. What is the remainder when d is divided by 14?
12
Let v(u) = u**3 + 8*u**2 - 10*u - 2. Let x be (-3)/3 + 1 + 4. Suppose 9 = -x*n + 3*n. Calculate the remainder when 11 is divided by v(n).
4
Suppose -2*h = z - 18 - 31, 4*z - 218 = 3*h. Let n(a) = -a**2 - a + 2. Let t be n(-3). What is the remainder when z is divided by 21*t/18*-6?
25
Let d = 1318 + -1112. Calculate the remainder when d is divided by 67.
5
Suppose 16 = 12*r - 8*r. What is the remainder when r/2*1422/36 is divided by 20?
19
Let j = 64 + 24. Let w be 2/4 - 108/(-8). Let f = w - -16. What is the remainder when j is divided by f?
28
Let f = 61 - -25. Calculate the remainder when f is divided by 30.
26
Let r = -1067 + 1117. Calculate the remainder when 357 is divided by r.
7
Suppose 5*j = j + 36. Calculate the remainder when 8/(-5)*(105/6)/(-1) is divided by j.
1
Suppose -6*f - 15 + 255 = 0. Calculate the remainder when f is divided by 22.
18
Let p(q) = -q**3 + 5*q**2 + 18*q - 15. What is the remainder when 46 is divided by p(7)?
7
Let d = -282 + 321. Suppose 0 = -f + 4*f - 2*o - 66, -2*f + 4*o = -52. What is the remainder when d is divided by f?
19
Let l(b) be the third derivative of -b**4/24 + 5*b**3/6 - 16*b**2. Calculate the remainder when 63 is divided by l(-6).
8
Let w be ((-497)/(-2) - 0) + 14/(-28). Suppose -3*j + 16 = -w. What is the remainder when j is divided by 15?
13
Suppose 3*l + 16 = 5*l. Suppose 0 = 6*b - 18. Suppose b*p + 12 = 81. What is the remainder when p is divided by l?
7
Let u = -71 + 123. Suppose -6*i - 49 = -301. Suppose 43*a - i*a - 19 = 0. What is the remainder when u is divided by a?
14
Let h = -41 - -44. Let l(b) = 4*b**2 - 3*b - 1. What is the remainder when l(h) is divided by 14?
12
Let r be 3 + (-20 + 2)/2. What is the remainder when 53 is divided by 9/r + (-39)/(-2)?
17
Suppose 5*i + 5*o - o = 20, 5*i + 5*o - 20 = 0. Let k(x) = 3*x - 2. What is the remainder when 38 is divided by k(i)?
8
Let b(r) = r**2 - 7*r - 6. Let c be b(-5). Let v = 75 - c. Suppose -o - 2*g + v = 3*g, -o + g = -21. Calculate the remainder when o is divided by 6.
3
Suppose 3*o = 26 + 49. Let k be 4*(-2 + o/10). Suppose k*y - r - 44 = -y, -y + r + 14 = 0. Calculate the remainder when 54 is divided by y.
9
Let u be (-1 - 2)*(-8 - -1). Let r = 35 - u. Suppose r = z + 5. Calculate the remainder when z is divided by 5.
4
Let y(p) = -p**2 + 10*p - 20. Suppose 10*d = -0 + 50. Calculate the remainder when 24 is divided by y(d).
4
Let o = 142 - 91. Suppose 2*m - o = 3*k, m - 6*k - 36 = -k. What is the remainder when m is divided by 9?
3
Suppose -5*l - 104 = -a, -67*a + 64*a + 252 = -3*l. Let s = -4 + 18. Calculate the remainder when a is divided by s.
9
Suppose 0 = 5*f + i - 737, -3*f + 2*i + 598 = f. What is the remainder when f is divided by 19?
15
Let v = -30 + 54. Let n = -22 + v. What is the remainder when 6 is divided by n?
0
Suppose 2*g = g + 20. Let y = -22 - -19. Calculate the remainder when g is divided by (4/y)/2 - 140/(-12).
9
Suppose 2*z + 0*h = -h + 3, 0 = -4*h - 4. Let p be 156/180 + z/15. Calculate the remainder when (-274)/(-6) + p/3 is divided by 16.
14
Let d(c) = 6*c**2 - 6. Suppose -8*r + m = -4*r + 14, 5*m = -2*r + 4. What is the remainder when d(r) is divided by 10?
8
Let m be ((-12)/1)/3 - -6. Let s(d) = 15*d + 6. What is the remainder when s(m) is divided by 15?
6
Let v(r) = -r**3 - r**2 + 2*r - 1. Let g be v(1). What is the remainder when 84 is divided by (-5)/(-10) + g/2*-57?
26
Suppose 0 = -3*x - 2*d + 1994, 0 = -2*d + 4*d - 8. What is the remainder when x is divided by 39?
38
Let g = 87 + -61. Suppose -g = -4*n + 22. Let k = n - 7. Calculate the remainder when 17 is divided by k.
2
Let t be -3*(-1)/(-6)*-4. Suppose 2*p - 30 = 4*y - y, -3*y = 3*p - 15. Calculate the remainder when 18 + t*2/(-4) is divided by p.
8
Let i(p) = -p**3 + 12*p**2 + 5*p - 14. Calculate the remainder when 320 is divided by i(12).
44
Let w be (-1)/(-6)*2*-9. Let i be w + 3/3 + 4. Suppose -i*n + n + 14 = 0. What is the remainder when 53 is divided by n?
11
Suppose -3*k = 0, f - k + 0*k = 4. Suppose 2*c - 10 = 3*s, -f*s = -c - 3*c + 20. Suppose s*l + 16 = l. What is the remainder when 60 is divided by l?
12
Let u(q) = 8*q**2 - q**2 + 7*q - 7*q**3 + 5 + 6*q**3. Let v be u(8). Calculate the remainder when 35 is divided by 1 - -2 - 27/v.
11
Calculate the remainder when (-12)/24 - 425/(-10) is divided by 7.
0
Let x(i) = 36*i**2 + 52*i - 153. Calculate the remainder when x(3) is divided by 21.
12
Let d = 1955 - 1427. Calculate the remainder when d is divided by 139.
111
Suppose -10 = -3*z - k, 3*k + 2 - 8 = -z. Suppose z*w - 57 + 12 = 0. What is the remainder when 72 is divided by w?
12
Suppose -27*k + 722 = -169. Calculate the remainder when 789 is divided by k.
30
Let u = -484 + 506. What is the remainder when u is divided by 9?
4
Let g(s) = 10*s + 2. Let l(d) = -20*d - 4. Let p(m) = 11*g(m) + 6*l(m). What is the remainder when 13 is divided by p(-1)?
5
Let z(b) = -10*b + 15. Calculate the remainder when z(-5) is divided by (-2)/((-19)/17 - -1).
14
Let i be 13/3 - 32/(-48). Let u be (-1 + 3)/(i/10). Suppose 74 = 2*h - u*g, -5*h + g = -h - 120. What is the remainder when h is divided by 8?
5
Suppose -j + 3*y = -137, -43 - 94 = -j - 5*y. Calculate the remainder when j is divided by 47.
43
Suppose -69*k + 234 = -60*k. What is the remainder when 89 is divided by k?
11
Let q = -35 + 51. Suppose o = -4*f + 49, -f + q = -2*o - 3. What is the remainder when 50 is divided by f?
11
Let h = 314 - 311. Calculate the remainder when 39 is divided by h.
0
Calculate the remainder when (4*(-18)/96)/(1/(-108)) is divided by 43.
38
Let y be -3*68/(-4) + (3 - 0). Suppose y = 4*p - 38. Suppose 308 = 5*v - 137. Calculate the remainder when v is divided by p.
20
Let q(f) = -3*f - 9. What is the remainder when 14 is divided b